ulate the remainder when 1568 is divided by 799.
769
What is the remainder when 14567 is divided by 80?
7
What is the remainder when 8580 is divided by 2427?
1299
Calculate the remainder when 502 is divided by 18.
16
Calculate the remainder when 1052 is divided by 39.
38
Calculate the remainder when 6259 is divided by 313.
312
Calculate the remainder when 75389 is divided by 35.
34
What is the remainder when 1258780 is divided by 139?
135
What is the remainder when 413470 is divided by 708?
706
What is the remainder when 838 is divided by 375?
88
What is the remainder when 23153 is divided by 2570?
23
Calculate the remainder when 50114 is divided by 44.
42
What is the remainder when 139212 is divided by 43?
21
Calculate the remainder when 41444 is divided by 54.
26
Calculate the remainder when 122668 is divided by 451.
447
What is the remainder when 2215 is divided by 1616?
599
Calculate the remainder when 77674 is divided by 77668.
6
What is the remainder when 21816 is divided by 1558?
4
What is the remainder when 712381 is divided by 6?
1
Calculate the remainder when 3818 is divided by 3674.
144
What is the remainder when 3860 is divided by 384?
20
Calculate the remainder when 590 is divided by 580.
10
Calculate the remainder when 35511 is divided by 136.
15
Calculate the remainder when 3742 is divided by 311.
10
Calculate the remainder when 7288 is divided by 707.
218
What is the remainder when 11891 is divided by 610?
301
Calculate the remainder when 40040 is divided by 284.
280
What is the remainder when 167277 is divided by 816?
813
What is the remainder when 7569 is divided by 3768?
33
Calculate the remainder when 82896 is divided by 50.
46
Calculate the remainder when 6397 is divided by 3108.
181
What is the remainder when 4300 is divided by 2108?
84
Calculate the remainder when 571366 is divided by 571341.
25
What is the remainder when 2695 is divided by 1347?
1
What is the remainder when 36060 is divided by 11?
2
What is the remainder when 1437 is divided by 61?
34
Calculate the remainder when 551325 is divided by 12821.
22
What is the remainder when 475 is divided by 105?
55
What is the remainder when 191223 is divided by 95603?
17
What is the remainder when 47632 is divided by 5290?
22
Calculate the remainder when 925710 is divided by 98.
2
Calculate the remainder when 2487 is divided by 361.
321
What is the remainder when 42248 is divided by 152?
144
Calculate the remainder when 257073 is divided by 666.
663
Calculate the remainder when 2247 is divided by 321.
0
What is the remainder when 295298 is divided by 49214?
14
Calculate the remainder when 218025 is divided by 39.
15
Calculate the remainder when 5143 is divided by 223.
14
What is the remainder when 860288 is divided by 15931?
14
Calculate the remainder when 67963 is divided by 16989.
7
What is the remainder when 58168 is divided by 21?
19
What is the remainder when 15822 is divided by 15759?
63
What is the remainder when 222778 is divided by 321?
4
What is the remainder when 39623 is divided by 133?
122
Calculate the remainder when 6822 is divided by 652.
302
What is the remainder when 5081 is divided by 619?
129
Calculate the remainder when 996 is divided by 112.
100
What is the remainder when 11939 is divided by 2832?
611
What is the remainder when 7353 is divided by 30?
3
Calculate the remainder when 25215 is divided by 197.
196
Calculate the remainder when 12212 is divided by 334.
188
Calculate the remainder when 11810 is divided by 11.
7
What is the remainder when 393 is divided by 160?
73
Calculate the remainder when 49894 is divided by 24816.
262
Calculate the remainder when 151763 is divided by 3299.
9
Calculate the remainder when 1023762 is divided by 55.
47
What is the remainder when 11487 is divided by 1140?
87
What is the remainder when 13332 is divided by 29?
21
Calculate the remainder when 3414 is divided by 171.
165
What is the remainder when 23789 is divided by 23652?
137
What is the remainder when 6072 is divided by 6058?
14
Calculate the remainder when 51612 is divided by 1759.
601
What is the remainder when 28601 is divided by 14298?
5
Calculate the remainder when 56746 is divided by 111.
25
Calculate the remainder when 12004 is divided by 174.
172
What is the remainder when 3351 is divided by 42?
33
Calculate the remainder when 28070 is divided by 720.
710
Calculate the remainder when 693 is divided by 30.
3
What is the remainder when 101706 is divided by 19?
18
Calculate the remainder when 33871 is divided by 129.
73
Calculate the remainder when 99214 is divided by 3543.
10
Calculate the remainder when 5762 is divided by 302.
24
Calculate the remainder when 1187 is divided by 99.
98
What is the remainder when 22884 is divided by 95?
84
What is the remainder when 225337 is divided by 415?
407
Calculate the remainder when 51175 is divided by 632.
615
What is the remainder when 948193 is divided by 855?
853
Calculate the remainder when 697608 is divided by 421.
11
What is the remainder when 518219 is divided by 12?
11
Calculate the remainder when 3392 is divided by 244.
220
What is the remainder when 16189 is divided by 1468?
41
Calculate the remainder when 13650 is divided by 4351.
597
Calculate the remainder when 3758 is divided by 151.
134
Calculate the remainder when 5843 is divided by 5660.
183
Calculate the remainder when 9768 is divided by 296.
0
Calculate the remainder when 22618 is divided by 7537.
7
What is the remainder when 42573 is divided by 28?
13
What is the remainder when 22123 is divided by 5306?
899
What is the remainder when 100587 is divided by 14?
11
Calculate the remainder when 3546 is divided by 796.
362
Calculate the remainder when 260302 is divided by 131.
5
What is the remainder when 27376 is divided by 13629?
118
What is the remainder when 24152 is divided by 147?
44
What is the remainder when 65623 is divided by 37?
22
Calculate the remainder when 13143 is divided by 55.
53
What is the remainder when 2338 is divided by 484?
402
What is the remainder when 1139298 is divided by 7?
6
What is the remainder when 429512 is divided by 47721?
23
Calculate the remainder when 6628 is divided by 3077.
474
Calculate the remainder when 3988 is divided by 1224.
316
What is the remainder when 1048 is divided by 2?
0
Calculate the remainder when 30350 is divided by 65.
60
What is the remainder when 4325 is divided by 176?
101
Calculate the remainder when 368 is divided by 89.
12
What is the remainder when 837743 is divided by 13?
10
What is the remainder when 11684 is divided by 1297?
11
What is the remainder when 36300 is divided by 275?
0
Calculate the remainder when 38371 is divided by 2129.
49
Calculate the remainder when 745 is divided by 687.
58
Calculate the remainder when 603 is divided by 157.
132
What is the remainder when 7742 is divided by 1529?
97
Calculate the remainder when 3208 is divided by 125.
83
What is the remainder when 305 is divided by 278?
27
What is the remainder when 147443 is divided by 56?
51
What is the remainder when 19145 is divided by 83?
55
What is the remainder when 147609 is divided by 65?
59
Calculate the remainder when 288115 is divided by 276.
247
What is the remainder when 4960 is divided by 708?
4
What is the remainder when 339475 is divided by 915?
10
Calculate the remainder when 4877 is divided by 19.
13
What is the remainder when 9847 is divided by 203?
103
What is the remainder when 36845 is divided by 46?
45
Calculate the remainder when 109753 is divided by 75.
28
Calculate the remainder when 185791 is divided by 161.
158
What is the remainder when 29294 is divided by 232?
62
What is the remainder when 752617 is divided by 42?
19
What is the remainder when 23201 is divided by 65?
61
What is the remainder when 22005 is divided by 252?
81
What is the remainder when 9996 is divided by 193?
153
Calculate the remainder when 5299 is divided by 96.
19
Calculate the remainder when 2078 is divided by 681.
35
Calculate the remainder when 183708 is divided by 90.
18
Calculate the remainder when 7730 is divided by 8.
2
What is the remainder when 3235888 is divided by 570?
568
Calculate the remainder when 1365 is divided by 337.
17
Calculate the remainder when 302095 is divided by 795.
790
Calculate the r